{"version":"1.0","provider_name":"Domaine H\u00f4pital Pourtal\u00e8s","provider_url":"https:\/\/domainepourtales.ch\/en","author_name":"Nathan","author_url":"https:\/\/domainepourtales.ch\/en\/author\/suppdhdp\/","title":"AOC Neuch\u00e2tel, Chasselas, 2023, 75cl","type":"rich","width":600,"height":338,"html":"<blockquote class=\"wp-embedded-content\" data-secret=\"ik6FB3wDCh\"><a href=\"https:\/\/domainepourtales.ch\/en\/product\/les-perles-dor\/\">The Golden Pearls 2023<\/a><\/blockquote><iframe sandbox=\"allow-scripts\" security=\"restricted\" src=\"https:\/\/domainepourtales.ch\/en\/product\/les-perles-dor\/embed\/#?secret=ik6FB3wDCh\" width=\"600\" height=\"338\" title=\"&#8220;Les Perles d\u2019Or 2023&#8221; &#8212; Domaine H\u00f4pital Pourtal\u00e8s\" data-secret=\"ik6FB3wDCh\" frameborder=\"0\" marginwidth=\"0\" marginheight=\"0\" scrolling=\"no\" class=\"wp-embedded-content\"><\/iframe><script type=\"text\/javascript\">\n\/* <![CDATA[ *\/\n\/*! This file is auto-generated *\/\n!function(d,l){\"use strict\";l.querySelector&&d.addEventListener&&\"undefined\"!=typeof URL&&(d.wp=d.wp||{},d.wp.receiveEmbedMessage||(d.wp.receiveEmbedMessage=function(e){var t=e.data;if((t||t.secret||t.message||t.value)&&!\/[^a-zA-Z0-9]\/.test(t.secret)){for(var s,r,n,a=l.querySelectorAll('iframe[data-secret=\"'+t.secret+'\"]'),o=l.querySelectorAll('blockquote[data-secret=\"'+t.secret+'\"]'),c=new RegExp(\"^https?:$\",\"i\"),i=0;i<o.length;i++)o[i].style.display=\"none\";for(i=0;i<a.length;i++)s=a[i],e.source===s.contentWindow&&(s.removeAttribute(\"style\"),\"height\"===t.message?(1e3<(r=parseInt(t.value,10))?r=1e3:~~r<200&&(r=200),s.height=r):\"link\"===t.message&&(r=new URL(s.getAttribute(\"src\")),n=new URL(t.value),c.test(n.protocol))&&n.host===r.host&&l.activeElement===s&&(d.top.location.href=t.value))}},d.addEventListener(\"message\",d.wp.receiveEmbedMessage,!1),l.addEventListener(\"DOMContentLoaded\",function(){for(var e,t,s=l.querySelectorAll(\"iframe.wp-embedded-content\"),r=0;r<s.length;r++)(t=(e=s[r]).getAttribute(\"data-secret\"))||(t=Math.random().toString(36).substring(2,12),e.src+=\"#?secret=\"+t,e.setAttribute(\"data-secret\",t)),e.contentWindow.postMessage({message:\"ready\",secret:t},\"*\")},!1)))}(window,document);\n\/\/# sourceURL=https:\/\/domainepourtales.ch\/wp-includes\/js\/wp-embed.min.js\n\/* ]]> *\/\n<\/script>","thumbnail_url":"https:\/\/domainepourtales.ch\/wp-content\/uploads\/2025\/05\/Les-Perles-dOr-75cl.png","thumbnail_width":1080,"thumbnail_height":1080,"description":"Le bouquet est tr\u00e8s clair, lisible, pr\u00e9cis et correspond \u00e0 l'image globale des vins de Lo\u00efc Veillard. L'harmonie est le fil conducteur du bouquet, avec une belle capacit\u00e9 des diff\u00e9rentes composantes \u00e0 se compl\u00e9ter. En bouche, le vin b\u00e9n\u00e9ficie du dynamisme que lui conf\u00e8re l'acide malique. Il a du temp\u00e9rament mais aussi une certaine ampleur et se positionne comme un vin \u00e0 d\u00e9guster lors d'un repas, par exemple avec des poissons du lac de Neuch\u00e2tel."}

Domaine Hôpital Pourtalès

AOC Neuchâtel, Chasselas, 2023, 75cl

<blockquote class="wp-embedded-content" data-secret="ik6FB3wDCh"><a href="https://domainepourtales.ch/en/product/les-perles-dor/">The Golden Pearls 2023</a></blockquote><iframe sandbox="allow-scripts" security="restricted" src="https://domainepourtales.ch/en/product/les-perles-dor/embed/#?secret=ik6FB3wDCh" width="600" height="338" title="&#8220;Les Perles d’Or 2023&#8221; &#8212; Domaine Hôpital Pourtalès" data-secret="ik6FB3wDCh" frameborder="0" marginwidth="0" marginheight="0" scrolling="no" class="wp-embedded-content"></iframe><script type="text/javascript">
/* <![CDATA[ */
/*! This file is auto-generated */
!function(d,l){"use strict";l.querySelector&&d.addEventListener&&"undefined"!=typeof URL&&(d.wp=d.wp||{},d.wp.receiveEmbedMessage||(d.wp.receiveEmbedMessage=function(e){var t=e.data;if((t||t.secret||t.message||t.value)&&!/[^a-zA-Z0-9]/.test(t.secret)){for(var s,r,n,a=l.querySelectorAll('iframe[data-secret="'+t.secret+'"]'),o=l.querySelectorAll('blockquote[data-secret="'+t.secret+'"]'),c=new RegExp("^https?:$","i"),i=0;i<o.length;i++)o[i].style.display="none";for(i=0;i<a.length;i++)s=a[i],e.source===s.contentWindow&&(s.removeAttribute("style"),"height"===t.message?(1e3<(r=parseInt(t.value,10))?r=1e3:~~r<200&&(r=200),s.height=r):"link"===t.message&&(r=new URL(s.getAttribute("src")),n=new URL(t.value),c.test(n.protocol))&&n.host===r.host&&l.activeElement===s&&(d.top.location.href=t.value))}},d.addEventListener("message",d.wp.receiveEmbedMessage,!1),l.addEventListener("DOMContentLoaded",function(){for(var e,t,s=l.querySelectorAll("iframe.wp-embedded-content"),r=0;r<s.length;r++)(t=(e=s[r]).getAttribute("data-secret"))||(t=Math.random().toString(36).substring(2,12),e.src+="#?secret="+t,e.setAttribute("data-secret",t)),e.contentWindow.postMessage({message:"ready",secret:t},"*")},!1)))}(window,document);
//# sourceURL=https://domainepourtales.ch/wp-includes/js/wp-embed.min.js
/* ]]> */
</script>

Le bouquet est très clair, lisible, précis et correspond à l'image globale des vins de Loïc Veillard. L'harmonie est le fil conducteur du bouquet, avec une belle capacité des différentes composantes à se compléter. En bouche, le vin bénéficie du dynamisme que lui confère l'acide malique. Il a du tempérament mais aussi une certaine ampleur et se positionne comme un vin à déguster lors d'un repas, par exemple avec des poissons du lac de Neuchâtel.
